n = 23 - g. What is the units digit of n?
2
Suppose -5*p - 16971 = -9*p - 5*r, 0 = r - 3. What is the tens digit of p?
3
Suppose -5*w = 1 - 16. Suppose w*x + 12 = 0, 4*y + 3*x = 8*y - 400. What is the tens digit of y?
9
Suppose 40*r + 5730 = 50*r. What is the hundreds digit of r?
5
Suppose 0 = -8*d + 9*d + 4, -w = -3*d - 426. What is the units digit of w?
4
Let w(c) = -90*c + 4. Let b be w(-3). Let n = b - 111. What is the hundreds digit of n?
1
What is the units digit of 3*-2 - (-6048)/27?
8
Let l(f) be the first derivative of -f**4/4 - 10*f**3/3 - 2*f**2 - 5*f + 1. Let b be (-1 + -3)/(14/35). What is the tens digit of l(b)?
3
Suppose -7157 = -9*q - 443. What is the tens digit of q?
4
Suppose u = t + 277 + 839, -3353 = -3*u + 2*t. What is the units digit of u?
1
Let n be 0 - (-2)/(-1)*1. Let u be (1 - n)/(15/(-200)). Let c = u + 62. What is the units digit of c?
2
Let p(g) = -4*g**3 + 3*g**2 - 11*g - 1. Let d(y) = y**3 + y + 0*y**2 - 10*y**2 + 10*y**2. Let w(r) = -5*d(r) - p(r). What is the units digit of w(-5)?
1
Let g = -440 + 899. What is the hundreds digit of g?
4
Let t = -32 + 29. What is the units digit of (2 + t)/((-5)/2 + 2)?
2
Let w = -172 - -948. What is the units digit of w?
6
Let v = 23 + -12. Suppose 69 = 5*b + q - v, b - 25 = -2*q. Suppose -3 + b = 4*n. What is the units digit of n?
3
Let g be -3 + 2 + (-345)/(-3). Suppose p + 83 = 2*y, -4*y - 4*p + 34 + g = 0. Let w = -22 + y. What is the units digit of w?
8
Let h(b) be the second derivative of -b**4/12 + b**3/6 + 3*b**2 + 5*b. Let a be h(0). What is the units digit of a/8*(-10 + 18)?
6
Let n(s) = 5*s**3 - 2*s**2 + 19*s - 69. What is the tens digit of n(7)?
8
Let z be (-2)/(-4)*(2 - 0). What is the hundreds digit of -4 - (3 + -136) - z?
1
Let z = -3758 - -2562. Let s = z + 726. What is the tens digit of (-2)/(-8) + s/(-8)?
5
Let g(d) = -525*d + 21. Let v be g(-9). What is the tens digit of v/78 - 2/(-13)?
6
Suppose -6*p - 30*p + 35892 = 0. What is the units digit of p?
7
Let b(o) = 3*o - 29 - 2*o + 297*o**2 - 296*o**2. What is the tens digit of b(10)?
8
Let z = -758 - -1310. What is the tens digit of z?
5
Let y(z) = 20*z**2 + 3*z + 7. Let s be y(-5). Suppose l + s = 5*l. What is the hundreds digit of l?
1
Suppose -98*w + 199334 = -84474. What is the hundreds digit of w?
8
What is the tens digit of (-28)/6*(13975/(-91) - -7)?
8
Let g(s) be the third derivative of s**7/1260 - 7*s**5/120 + 7*s**4/24 - 5*s**2. Let a(z) be the second derivative of g(z). What is the units digit of a(5)?
3
Let z be (-99)/((9/(-2))/(-3)). Suppose -245*l = -241*l - 536. Let g = l + z. What is the units digit of g?
8
Let m(j) = 4*j - 12. Let c(u) = 5*u - 13. Let k(w) = 5*c(w) - 6*m(w). Let x be -1*5/(-2)*-2. What is the units digit of k(x)?
2
Suppose 14 = 4*j - 2*k + 58, -5*j - 61 = -k. Let x be (45 + -3)*(9/6)/3. Let o = x - j. What is the units digit of o?
4
What is the units digit of (3 - 1) + (4418 - 8/4)?
8
Suppose -4 = 5*s - 6*s, 5*k = s + 2456. What is the units digit of k?
2
Suppose -3*s + 1119 = 3*i, -s + 1462 = 3*s - 2*i. Suppose -4*v + 12*v - s = 0. What is the tens digit of v?
4
What is the hundreds digit of ((-1098)/6)/((66/(-32))/11)?
9
Let p(z) = z**2 + 5*z + 14. Let b be p(-6). Suppose 2*x = b + 68. What is the units digit of x?
4
Let z = 69 - 38. Suppose 3*q + z = x, -2*x + 3*q + 75 = x. Let v = 67 - x. What is the units digit of v?
5
Let v be 8/2 + (-92)/(-1). Suppose b + b = v. What is the units digit of b?
8
Let z(r) = r**2 - 5*r - 10. Let l be (-7)/(-2)*(7 - 5). Let j be z(l). What is the tens digit of j*3*6/3?
2
Suppose -q - 3*q = -68. Let f(y) be the third derivative of -y**6/120 + 3*y**5/10 - 13*y**4/24 - 5*y**3/2 - y**2. What is the tens digit of f(q)?
5
Suppose 0 = s + 5*s - 162. Suppose -3*n = -6*n + s. What is the units digit of n?
9
Suppose k + 3 = -7. Suppose -3*q + 31 = 4*p - 0*p, 4*q - 2*p - 34 = 0. Let h = q - k. What is the tens digit of h?
1
Suppose -4*n = t, 3*n = 2*t - 0*t. Suppose n = -2*a - w - 94 + 287, -5*a = 4*w - 487. What is the tens digit of a?
9
Let z = -2 + -5. Let n be (10/(-4))/(z/14). Let y = -4 + n. What is the units digit of y?
1
Let f(n) = -n**2 + 10*n**3 + 62*n**3 + 0 + 0. What is the tens digit of f(1)?
7
What is the tens digit of 3 + (-3)/(9/(-525))?
7
What is the thousands digit of (12456/42)/((-1020)/(-126) + -8)?
3
Suppose 1310 = 4*s + 2*w, -1322 = -s - 3*s + 2*w. What is the tens digit of s?
2
Suppose -5*c - 3*q + 210 = -208, 168 = 2*c + 2*q. Let t = -19 + c. What is the tens digit of t?
6
Suppose 0 = 8*p - 7*p + 126. Let m = p - -259. What is the units digit of m?
3
Let j = 48 + 467. What is the hundreds digit of j?
5
Let s = 16 - 30. Let q = 6 + s. Let g = q - -47. What is the units digit of g?
9
Suppose -5*t = 3*l - 2*l + 3, -4*l + 2*t = -54. Let w = 29 + l. What is the tens digit of w?
4
Suppose -q + r = 4*r - 23, 4*q + 5*r = 64. Let u be 1/((-3)/10 + 1/(-5)). What is the units digit of (q - 4) + 0/u?
7
Suppose -22*u + 48*u - 11752 = 0. What is the hundreds digit of u?
4
Suppose 2*x - 10*h + 7*h - 8465 = 0, 4*x = -3*h + 16957. What is the tens digit of x?
3
Let l be -1*(7 + -4 + -2). Let q = 5 - 12. What is the units digit of l - -15 - (8 + q)?
3
Suppose 2*r + 5*q + 0 - 1 = 0, -q = -1. Let t be r + 1/(-1) - -3. Suppose t*l - 46 = -2*l. What is the tens digit of l?
2
Let w = 3777 + -1954. What is the hundreds digit of w?
8
Let l = 8797 - 4875. What is the units digit of l?
2
Let q(n) = -n + 1. Let u(j) = 2*j**2 + 20*j + 5. Let m(w) = 3*q(w) + u(w). What is the units digit of m(-11)?
3
Let d = 3 + 6. Suppose 6*y = d*y - 417. What is the tens digit of y?
3
Let i(k) = -11*k - 9. Let y be i(4). Let c = y - -77. What is the tens digit of c?
2
Let p = -117 + 123. What is the units digit of (909/p)/(6/8)?
2
Let m(t) = 4*t**2 + 19*t + 1. What is the units digit of m(-7)?
4
Let d(c) = 2*c + 1. Let y be d(2). Suppose -5*t = -x + 2*x - 163, 0 = 2*x + y*t - 331. What is the units digit of x?
8
Let d be 16/6 + (-4)/6. Let z be 7*3*(-3)/126*-6. Suppose -4*w + 76 = d*p, 3*w - 17 - 40 = z*p. What is the tens digit of w?
1
Let a = 1263 - 887. What is the units digit of a?
6
Suppose -5*l + 4*u + 442 = 0, -26 = -l - 3*u + 70. What is the tens digit of l?
9
Suppose 0 = -k - 2*y + 6*y + 16, -4*k + 134 = -2*y. Let o = -26 + k. Suppose d + o = 3*d. What is the units digit of d?
5
Let d(u) = 2*u + 13. Let h be d(-9). Let n(c) = c**3 + 4*c**2 - 6*c - 1. What is the units digit of n(h)?
4
Let o = 3367 + -1206. What is the thousands digit of o?
2
Let z be 3 + (1 - -1) + -4. Let t be 245/(-14) - z/(-2). Let u = -5 - t. What is the tens digit of u?
1
Let h be 2/(-3) - (-6)/9*367. Let q = -128 + h. What is the tens digit of q?
1
Let o be 1 - 1 - (0 - -53). Let z = 15 - o. What is the units digit of z?
8
Let s(i) = -295*i**3 - 2*i**2 - i + 2. Let f be s(1). Let u be -1 + 5/((-10)/f). Suppose 0 = -3*t - 5*g + 119, -t + 5*t - u = 5*g. What is the tens digit of t?
3
Let u be (-2)/(-19) + (-451990)/(-190). What is the hundreds digit of u/15 - 6/10?
1
Let j = 14 + -12. Suppose -3*v + 1 = j*a - 15, 12 = -4*v + 4*a. Let l(u) = 3*u + 4. What is the tens digit of l(v)?
1
Suppose 3*h = -5*f - 1, -h - 3*h + 57 = -5*f. What is the units digit of h?
8
Suppose -15*b = -n - 13*b + 446, -4*b = -5*n + 2230. What is the hundreds digit of n?
4
Suppose 5*n - 20 = 4*b, 4*n + 0*n - 20 = 4*b. Suppose 4*h + h - 455 = n. What is the tens digit of h?
9
What is the hundreds digit of 289 - (8 + -7)*2/2?
2
Let w be (-6324)/(-187) + (-2)/(-11). Suppose 10 - w = -3*c. What is the units digit of c?
8
Suppose -53*z = -92*z + 85488. What is the tens digit of z?
9
Suppose 15*t = 18*t - 9. What is the tens digit of t/(-6) - (687/(-2))/3?
1
Let t(u) = -u**3 - 4*u**2 + 12*u + 5. Let w be t(-6). Suppose -k = -3*p + 204, w*p - 331 = -3*k - 5. What is the units digit of p?
7
Suppose 2*f = -4, 3*n = 37*f - 41*f + 5464. What is the hundreds digit of n?
8
Suppose -5*i = -i - 16. Suppose -3*c + 19 = 2*g, 12 = -i*g + 2*c + 2*c. Suppose -3*d - 22 = -g*p, -d = -2*p - 0*p + 26. What is the units digit of p?
4
Suppose h + 19 = 3*y - 0*y, 31 = 5*y - h. Suppose -7*g = -10*g + y. Suppose 34 = 2*a + 5*o - 51, g*a - 4*o = 94. What is the tens digit of a?
4
Let s(f) = f**3 + 9*f**2 - 9*f - 5. Let t be s(-9). Let l = t + -9